4*n + 4. Let c be (-7)/2 + 5/(-10). Let w be r(c). Suppose -22 = -g + i, i = w*i - 15. What is the remainder when g is divided by 15?
12
Let p(o) = -o**2 + 10*o - 9. What is the remainder when 45 is divided by p(7)?
9
Calculate the remainder when (-504)/(-5) + 12/(-15) is divided by 27.
19
Let p be -5*(-1)/(2 - 1). Calculate the remainder when ((-5)/(-2))/p*60 is divided by 16.
14
Let j = -10 + 7. Let p(d) = d**3 + 4*d**2 + 4*d + 3. Let n be p(j). Suppose n = 5*v - 6*v + 12. What is the remainder when 23 is divided by v?
11
Let l(f) = 2*f**2 + 21*f + 10. Let o(n) = n**2 + 11*n + 5. Let h(a) = 2*l(a) - 5*o(a). Calculate the remainder when h(-11) is divided by 5.
2
Let l(f) = f**2 - 2. Let b be (0 - -1)/(3/(-6)). Let t be l(b). Suppose t*q - q - 36 = 0. Calculate the remainder when q is divided by 19.
17
Suppose 3 = -u - 3. What is the remainder when (10/8 - 0)*20 is divided by -9*-2*(-3)/u?
7
Suppose 0 = -5*s - 38 + 8. Let z = -11 - s. Let t = 28 + z. Calculate the remainder when t is divided by 12.
11
Let y(d) = -2*d**3 - d**2 + 3*d - 2. Let k be y(2). Let t = k + 30. What is the remainder when t is divided by 8?
6
Let k(d) = 23*d**3 + 2*d - 3. Let f = 12 + -6. What is the remainder when k(1) is divided by f?
4
Let m = 61 - 31. What is the remainder when m is divided by 12?
6
Calculate the remainder when 74 is divided by 56/(-84)*(2 + (-39 - 2)).
22
Calculate the remainder when 53 is divided by -1 - (-49 - 2)*(-1)/(-3).
5
Let g = -14 + 18. What is the remainder when (1 - 376)*g/(-12) is divided by 32?
29
Suppose t + 5*f + 20 = 6*t, 0 = 3*t - 5*f - 16. Suppose -t*x + 132 = a + 4*a, -5*a + 133 = 3*x. Calculate the remainder when a is divided by 7.
5
Let f(p) = p**3 + 6*p**2 + 6*p + 3. Let y be f(-5). Let w(s) = s - 7*s - 20*s. What is the remainder when w(y) is divided by 18?
16
Suppose -o - 36 = -7*o. Let z = 9 - 5. What is the remainder when o is divided by z?
2
Suppose -2*u + 156 = q, 3*q + u = 6*u + 468. Suppose -v - q = -4*v. Suppose -5*t - 3 = -i, -4*i - t = -2*t - 69. What is the remainder when v is divided by i?
16
Calculate the remainder when (-69)/(-9) + (-4)/(-12) is divided by 4.
0
Let q = -66 - -98. Let d = q - 23. Suppose -5*i - 4 + 134 = 0. What is the remainder when i is divided by d?
8
Let n(j) = j**3 - j**2 + 14. Let u = -13 + 18. Suppose -u*l + 25 = -15. Calculate the remainder when n(0) is divided by l.
6
Let t be 8/3*(-555)/(-10). Suppose 4*f - 31 + t = q, -q - 4*f + 85 = 0. What is the remainder when q is divided by 26?
23
Let x(a) = -a**3 + 9*a**2 - 4*a - 9. Let r(h) = 3*h + 2. Let i be r(2). Calculate the remainder when 89 is divided by x(i).
20
Suppose 0 = -i - 2*i + 201. Suppose -3*k + i = -17. Calculate the remainder when k is divided by 15.
13
Let o(j) = -j + 11. Calculate the remainder when 83 is divided by o(-10).
20
Let r(s) be the third derivative of s**5/60 + s**4/12 - 4*s**3/3 - 4*s**2. What is the remainder when r(-7) is divided by 14?
13
Calculate the remainder when 1 - (-1*1 + -31) is divided by 45 + -48 + (0 - (-12 - 0)).
6
Let n(c) = c**3 - 11*c**2 + 9*c + 8. Let k be n(10). Calculate the remainder when 18 is divided by (-192)/(-20) - k/5.
8
Suppose 2*n = m + 3*n - 56, -120 = -2*m + 2*n. Calculate the remainder when m is divided by 12.
10
Let k = -21 - -26. What is the remainder when 18 is divided by k?
3
Let y(p) = 3*p**2 - 3*p + 3. Let o be y(2). Let z be 339/o + 1/3. Suppose -b + 10 = 5*x - 17, -2*x + z = 2*b. Calculate the remainder when b is divided by 9.
8
Let z(k) = 4*k**2 + 2*k - 1. Let h be z(1). Suppose g + 1 = 5*f + 23, h*f + 20 = 0. Calculate the remainder when 38 is divided by 27/2 + g/(-4).
12
Let l = 6 - 4. Let x(d) = -d**3 - 5*d**2 - 4*d + 5. Calculate the remainder when x(-5) is divided by (-1)/l*0 - -9.
7
Calculate the remainder when (4/(-10) + 0)/(8/(-520)) is divided by 15.
11
Suppose 4*h + 7 = -f - 4*f, 0 = 2*h - 3*f + 9. Let b = h - -25. Calculate the remainder when 62 is divided by b.
18
Suppose 2*r - 48 = -2*r. Calculate the remainder when 59 is divided by r.
11
Suppose h = -5*b + 3, 3*h - 3*b - 25 = -2*b. Let k(p) = -32*p**3 + p**2 - p - 3. Calculate the remainder when k(-1) is divided by h.
7
Let h(j) = 4*j - 5. Let v be h(-4). Let w = v - -62. Calculate the remainder when w is divided by 14.
13
Let q = -6 + 4. What is the remainder when 27 is divided by (-6)/12 + (-31)/q?
12
Suppose -7 = -4*x + 21. Let i(m) = 3*m + m**2 - 5 + 0*m**2 - 2. What is the remainder when i(-6) is divided by x?
4
Suppose 5*m - 3*m = 0. Suppose m = -4*i + 22 - 6. Suppose 14 = 2*v + i*k, -v + 76 = 2*v - 5*k. What is the remainder when v is divided by 9?
8
Calculate the remainder when (74 - 0)*(-1)/(-3)*6 is divided by 17.
12
Let l(j) = j**3 + 7*j**2 - 13*j - 9. Let f(c) = -c**3 - 4*c**2 + 8*c + 7. Let w be f(-5). Calculate the remainder when l(w) is divided by 11.
9
Let i be 8/(-12) + 22/6. Suppose -r - i*r = -40. Let f(o) = o**3 + o**2 - o + 18. Calculate the remainder when f(0) is divided by r.
8
Suppose -4*g = 4*p + 125 - 313, -2*p + 104 = 4*g. Calculate the remainder when ((-48)/(-18))/(2/p) is divided by 29.
27
Let f(p) = -p**3 + p**2 + p + 58. Let t be f(0). Suppose l + 348 = 5*l. Suppose -3*s = 5*m - l, -s + t = s - 2*m. What is the remainder when s is divided by 15?
14
Suppose 5*u - 5*i = -0*i + 85, 4*i = -u + 42. Let d = -10 + u. What is the remainder when 47 is divided by d?
11
Let a(g) = -g. Let d(l) be the third derivative of l**4/24 - l**3/3 + 2*l**2. Let q(m) = 6*a(m) + d(m). Calculate the remainder when 52 is divided by q(-4).
16
Let h be 10*(1 - (-1)/(-2)). Let u = 1 - -1. Suppose 2*a - 66 = -u*o, 59 = 2*o - 0*a - h*a. What is the remainder when o is divided by 11?
10
Let j be 10/(1*(-6)/21). Let y = -21 - j. Suppose c - 5*p = 21 + y, 0 = -5*c - 3*p + 35. What is the remainder when 29 is divided by c?
9
Let y be ((-132)/14)/(1/(-7)). Suppose 2*k + k - y = 0. What is the remainder when 86 is divided by k?
20
Let i(z) = z**3 + 14*z**2 - 17*z - 1. Calculate the remainder when 53 is divided by i(-15).
24
Suppose 76 = l + 4*j, -j = -l - 0*l + 71. What is the remainder when l is divided by 25?
22
Suppose -78 = -3*k - 18. Suppose -5*b - 3*a - 282 = 0, -2*b - 158 = b - a. What is the remainder when k is divided by b/(-8) - 1/(-4)?
6
Let n = -16 - -15. What is the remainder when (n - 0)*(-20 + 1) is divided by 5?
4
Suppose 13*w = 4*w + 1764. Calculate the remainder when w is divided by 11.
9
Suppose p + 4 - 6 = 0. Suppose 0 = -p*v - 0*v + 120. Calculate the remainder when v is divided by 21.
18
Let v(w) = w**3 + 3*w**2 + w + 1. Let q(c) = -c**3 - 2*c**2. Let z(t) = 5*q(t) + 3*v(t). Calculate the remainder when 34 is divided by z(-2).
7
Let p = 59 - 37. What is the remainder when 87 is divided by p?
21
Let p = -47 + 61. Calculate the remainder when 34 is divided by p.
6
Suppose -w - 24 = -4*v, -5*v + 30 = 2*w + 3*w. What is the remainder when (-60)/4*(-2 + 1) is divided by v?
3
Let v(n) = -n - 7. Let x be v(-5). Let z(b) = 5*b**2 + 3*b. Calculate the remainder when z(x) is divided by 8.
6
Let i = -20 + 51. Suppose -5*b + 186 - i = 0. Calculate the remainder when 61 is divided by b.
30
Suppose p - 2 = -4*j + 2, -5*j + 5 = -p. Let d(f) = -f**3 - f + 17. What is the remainder when 66 is divided by d(p)?
15
Let h(t) = 7 + 2*t - 4*t + 3*t. Let b(d) = -12*d - 2. Calculate the remainder when b(-3) is divided by h(5).
10
Suppose -11*c = 3*v - 8*c - 537, 3*v - 5*c = 537. Calculate the remainder when v is divided by 12.
11
Let s be 0/(-1) + 4 + 0. Suppose 56 = -0*d + s*d. Calculate the remainder when 40 is divided by d.
12
Calculate the remainder when (-3)/3 + (-390)/(-6) is divided by 22.
20
Let a(j) = 2*j + 1. Let d be a(3). Suppose -p - d = -36. What is the remainder when p is divided by 10?
9
Let c(k) = -2*k**2 - 17*k + 3. What is the remainder when 0 + -2 + 1 - -22 is divided by c(-8)?
10
Suppose -6*v + 286 = -v + 2*p, -3*v + 162 = -2*p. Suppose v = g - 37. Calculate the remainder when g is divided by 32.
29
Let b be (-140)/(-2) + (-1 - -1). Let s = -26 - -46. Let t = b - s. What is the remainder when t is divided by 26?
24
Let c = 18 + -6. Suppose 0 = -3*r + 7*r - c. Calculate the remainder when 7 is divided by r.
1
Let t = 11 + -7. Let k(o) = o + 10. Calculate the remainder when k(-3) is divided by 